?
10
Convert -110 (base 3) to base 9.
-13
What is -3 (base 14) in base 4?
-3
Convert -2 (base 3) to base 16.
-2
Convert 3 (base 8) to base 7.
3
2 (base 15) to base 16
2
Convert 1 (base 3) to base 2.
1
Convert -14 (base 7) to base 2.
-1011
Convert -11 (base 3) to base 14.
-4
Convert 108 (base 11) to base 3.
11210
Convert -14 (base 5) to base 4.
-21
What is 1 (base 9) in base 2?
1
-10000 (base 2) to base 13
-13
Convert 25 (base 13) to base 7.
43
1ce (base 15) to base 4
12203
Convert 10 (base 13) to base 14.
d
Convert -24 (base 15) to base 14.
-26
Convert -4 (base 13) to base 8.
-4
Convert 2 (base 12) to base 4.
2
What is -30 (base 6) in base 2?
-10010
What is 101 (base 4) in base 16?
11
What is -13 (base 9) in base 12?
-10
What is 104 (base 13) in base 12?
125
Convert 5 (base 15) to base 2.
101
Convert a (base 12) to base 11.
a
What is -4 (base 11) in base 2?
-100
What is -12 (base 9) in base 5?
-21
33 (base 12) to base 13
30
What is -10 (base 6) in base 14?
-6
-2 (base 11) to base 8
-2
Convert 10 (base 10) to base 15.
a
-3 (base 5) to base 12
-3
What is 3 (base 12) in base 5?
3
Convert 0 (base 8) to base 3.
0
241 (base 7) to base 11
106
0 (base 7) to base 15
0
Convert 0 (base 4) to base 12.
0
Convert 6 (base 10) to base 3.
20
What is -4 (base 11) in base 3?
-11
-1 (base 5) to base 6
-1
a (base 15) to base 13
a
Convert 91 (base 11) to base 12.
84
-6 (base 9) to base 13
-6
Convert -30 (base 4) to base 6.
-20
What is 1a (base 16) in base 7?
35
Convert -4 (base 12) to base 9.
-4
What is -85 (base 10) in base 16?
-55
What is 1a (base 11) in base 4?
111
What is -1 (base 7) in base 5?
-1
Convert -5 (base 10) to base 12.
-5
Convert -41 (base 7) to base 6.
-45
110 (base 3) to base 16
c
Convert 3 (base 4) to base 11.
3
-210 (base 4) to base 14
-28
What is 28 (base 16) in base 8?
50
55 (base 6) to base 12
2b
56 (base 11) to base 4
331
Convert 11 (base 12) to base 11.
12
120 (base 3) to base 16
f
3 (base 12) to base 2
11
Convert 3 (base 12) to base 14.
3
Convert -11 (base 13) to base 10.
-14
What is -10 (base 13) in base 4?
-31
Convert -2 (base 8) to base 4.
-2
-3 (base 11) to base 4
-3
Convert 1 (base 5) to base 7.
1
What is 16 (base 10) in base 14?
12
30 (base 5) to base 6
23
88 (base 14) to base 16
78
Convert -101111 (base 2) to base 14.
-35
11011 (base 2) to base 6
43
-120 (base 3) to base 14
-11
d3 (base 14) to base 2
10111001
Convert 12f (base 16) to base 7.
612
-35 (base 15) to base 9
-55
Convert -3 (base 9) to base 11.
-3
Convert -22 (base 3) to base 13.
-8
Convert -3 (base 5) to base 10.
-3
Convert -2 (base 11) to base 13.
-2
Convert -42 (base 6) to base 5.
-101
Convert -4 (base 15) to base 2.
-100
What is 2 (base 5) in base 14?
2
Convert -1a (base 13) to base 12.
-1b
-137 (base 14) to base 7
-500
What is 1001111 (base 2) in base 4?
1033
-100000 (base 2) to base 5
-112
18 (base 16) to base 15
19
What is 4 (base 15) in base 2?
100
Convert -30 (base 14) to base 13.
-33
Convert -10 (base 5) to base 15.
-5
Convert -4 (base 14) to base 12.
-4
What is -100 (base 2) in base 3?
-11
Convert -3 (base 9) to base 16.
-3
-23 (base 14) to base 11
-29
What is -49 (base 12) in base 11?
-52
Convert 1 (base 16) to base 13.
1
Convert -112 (base 4) to base 6.
-34
Convert 11 (base 12) to base 15.
d
-3 (base 12) to base 14
-3
-5 (base 7) to base 16
-5
What is -9 (base 14) in base 15?
-9
What is -22 (base 14) in base 6?
-50
Convert 300 (base 4) to base 15.
33
What is 1 (base 8) in base 4?
1
What is -213 (base 8) in base 12?
-b7
Convert 1 (base 14) to base 7.
1
What is -23 (base 5) in base 10?
-13
What is 0 (base 11) in base 10?
0
What is 59 (base 16) in base 7?
155
2 (base 10) to base 15
2
Convert -11212 (base 3) to base 9.
-155
11d (base 15) to base 7
511
Convert 12 (base 3) to base 8.
5
-a0 (base 15) to base 10
-150
Convert 2 (base 8) to base 7.
2
c (base 13) to base 10
12
-9 (base 12) to base 11
-9
What is 118 (base 9) in base 7?
200
-101 (base 4) to base 2
-10001
-31 (base 14) to base 15
-2d
What is -2 (base 10) in base 5?
-2
-3 (base 4) to base 9
-3
-4 (base 7) to base 8
-4
-5 (base 16) to base 5
-10
-3 (base 8) to base 10
-3
-66 (base 7) to base 12
-40
What is 101 (base 5) in base 12?
22
What is -3 (base 11) in base 14?
-3
Convert -9 (base 16) to base 11.
-9
Convert -1 (base 3) to base 5.
-1
23 (base 12) to base 8
33
Convert 2 (base 16) to base 3.
2
110000 (base 2) to base 5
143
Convert 305 (base 7) to base 15.
a2
0 (base 2) to base 6
0
What is 2 (base 12) in base 15?
2
What is -55 (base 16) in base 8?
-125
Convert 2 (base 4) to base 5.
2
17 (base 13) to base 5
40
Convert -4 (base 7) to base 6.
-4
a (base 15) to base 11
a
Convert -43 (base 9) to base 7.
-54
Convert e (base 15) to base 4.
32
-15 (base 15) to base 14
-16
Convert 52 (base 14) to base 6.
200
Convert 6 (base 12) to base 9.
6
Convert 1010000 (base 2) to base 9.
88
32 (base 4) to base 15
e
What is 104 (base 7) in base 12?
45
Convert 1 (base 8) to base 10.
1
-101 (base 3) to base 8
-12
-22 (base 5) to base 7
-15
Convert -4 (base 5) to base 6.
-4
What is -2 (base 15) in base 2?
-10
Convert -6c (base 16) to base 5.
-413
What is -10011 (base 2) in base 9?
-21
-10 (base 4) to base 12
-4
1100 (base 2) to base 10
12
100 (base 4) to base 13
13
Convert 1 (base 14) to base 3.
1
Convert -10001101 (base 2) to base 7.
-261
What is -101 (base 10) in base 15?
-6b
-130 (base 12) to base 10
-180
Convert 2 (base 3) to base 13.
2
11 (base 5) to base 4
12
78 (base 11) to base 12
71
What is 205 (base 7) in base 15?
6d
Convert -d6 (base 14) to base 15.
-c8
330 (base 5) to base 12
76
Convert -3 (base 4) to base 5.
-3
2102 (base 4) to base 12
102
What is 40 (base 15) in base 5?
220
Convert 0 (base 5) to base 6.
0
Convert 22 (base 5) to base 14.
c
Convert -10 (base 2) to base 13.
-2
What is 1031 (base 4) in base 11?
70
Convert a (base 11) to base 15.
a
Convert 3 (base 16) to base 13.
3
-4 (base 9) to base 6
-4
Convert -200 (base 6) to base 8.
-110
Convert 12 (base 14) to base 12.
14
30 (base 9) to base 14
1d
What is -1222 (base 3) in base 12?
-45
31 (base 5) to base 3
121
Convert -15 (base 6) to base 7.
-14
What is -6 (base 9) in base 3?
-20
5 (base 6) to base 10
5
5 (base 7) to base 9
5
Convert -11 (base 2) to base 8.
-3
What is -5 (base 9) in base 6?
-5
11 (base 3) to base 13
4
-2 (base 6) to base 9
-2
What is 2 (base 16) in base 10?
2
What is -41 (base 16) in base 15?
-45
Convert 164 (base 9) to base 3.
12011
What is 1 (base 11) in base 6?
1
What is 11012 (base 3) in base 4?
1301
What is -1 (base 10) in base 5?
-1
-10111 (base 2) to base 13
-1a
What is -193 (base 10) in base 15?
-cd
What is 1 (base 16) in base 13?
1
Convert -11 (base 3) to base 15.
-4
What is 3 (base 9) in base 12?
3
Convert 31 (base 11) to base 15.
24
4 (base 9) to base 10
4
5b (base 12) to base 2
1000111
What is -2 (base 4) in base 5?
-2
0 (base 4) to base 13
0
Convert -100000 (base 2) to base 8.
-40
-10 (base 2) to base 4
-2
What is -16 (base 16) in base 10?
-22
-213 (base 7) to base 10
-108
1 (base 5) to base 13
1
Convert 140 (base 8) to base 11.
88
-155 (base 13) to base 11
-1a8
Convert 1 (base 6) to base 11.
1
10 (base 8) to base 16
8
Convert -1 (base 15) to base 9.
-1
-111 (base 6) to base 5
-133
4 (base 10) to base 16
4
Convert -12 (base 11) to base 7.
-16
-9 (base 12) to base 6
-13
Convert 125 (base 14) to base 11.
199
-2024 (base 5) to base 2
-100001000
-66 (base 9) to base 4
-330
3e (base 16) to base 14
46
230 (base 4) to base 2
101100
2 (base 5) to base 16
2
-57 (base 13) to base 2
-1001000
101 (base 2) to base 13
5
-2 (base 16) to base 11
-2
What is 14 (base 7) in base 4?
23
Convert 39 (base 10) to base 6.
103
14 (base 15) to base 11
18
Convert 9 (base 11) to base 3.
100
Convert 6 (base 10) to base 14.
6
What is -1 (base 13) in base 16?
-1
What is -17 (base 11) in base 10?
-18
Convert -16 (base 8) to base 15.
-e
What is 1311 (base 4) in base 2?
1110101
-30 (base 15) to base 4
-231
Convert -2 (base 4) to base 16.
-2
0 (base 4) to base 11
0
What is 2233 (base 4) in base 5?
1200
Convert -3 (base 9) to base 13.
-3
-2 (base 3) to base 7
-2
2 (base 16) to base 15
2
250 (base 6) to base 2
1100110
-227 (base 9) to base 10
-187
What is 3 (base 5) in base 8?
3
Convert 8 (base 9) to base 10.
8
What is 100 (base 3) in base 15?
9
What is 211 (base 4) in 